Calculate the highest common factor of 90 and 15338.
2
Calculate the highest common divisor of 50139 and 189.
27
What is the highest common factor of 3789 and 9?
9
Calculate the greatest common factor of 40 and 651740.
20
Calculate the highest common divisor of 146 and 14600.
146
What is the greatest common factor of 352 and 2480?
16
What is the highest common factor of 1092 and 268086?
546
What is the highest common divisor of 34200 and 798?
114
What is the highest common factor of 6 and 5653638?
6
Calculate the greatest common factor of 1101 and 10276.
367
Calculate the highest common divisor of 82925 and 3875.
775
Calculate the highest common divisor of 882 and 73647.
441
What is the greatest common divisor of 285 and 174750?
15
What is the highest common divisor of 3893 and 160987?
229
What is the highest common factor of 72 and 59706?
18
What is the highest common divisor of 324 and 9991836?
324
Calculate the greatest common divisor of 12565 and 595.
35
What is the greatest common divisor of 11070 and 221670?
270
Calculate the greatest common divisor of 837 and 961.
31
Calculate the greatest common factor of 608496 and 42.
42
Calculate the greatest common factor of 63865 and 2385.
265
What is the greatest common factor of 85839 and 31?
31
What is the highest common divisor of 38 and 24206?
38
Calculate the greatest common factor of 925 and 1739.
37
What is the greatest common factor of 300396 and 60?
12
What is the greatest common divisor of 8938 and 185730?
82
What is the highest common divisor of 412 and 9579?
103
What is the greatest common factor of 115 and 100349?
23
What is the highest common divisor of 268 and 7992564?
268
What is the highest common divisor of 436 and 1116487?
109
What is the greatest common divisor of 18 and 81603?
9
Calculate the greatest common divisor of 2703880 and 920.
920
Calculate the greatest common factor of 27401 and 47.
47
Calculate the highest common factor of 64282 and 10.
2
What is the greatest common factor of 13473 and 215069?
499
Calculate the highest common factor of 832 and 771888.
208
What is the greatest common divisor of 447633 and 6903?
531
What is the highest common divisor of 1365 and 44205?
105
Calculate the highest common factor of 625233 and 1596.
399
What is the highest common factor of 6957 and 72?
9
Calculate the greatest common divisor of 15 and 416965.
5
Calculate the greatest common divisor of 505 and 1335725.
505
Calculate the highest common factor of 506 and 2442.
22
What is the highest common divisor of 109601 and 508?
127
What is the highest common factor of 3138 and 3921454?
1046
Calculate the highest common factor of 2005 and 342053.
401
Calculate the highest common divisor of 38319 and 1113.
159
Calculate the highest common divisor of 2924 and 26.
2
Calculate the highest common divisor of 318070 and 204.
34
What is the greatest common divisor of 770 and 929720?
110
Calculate the greatest common divisor of 57177 and 729.
9
Calculate the highest common factor of 48 and 699.
3
What is the greatest common divisor of 2484 and 1012?
92
Calculate the highest common factor of 178038 and 18.
18
What is the highest common factor of 16047 and 288?
9
Calculate the highest common factor of 284 and 781.
71
What is the highest common divisor of 270 and 196890?
30
Calculate the greatest common divisor of 22 and 15116.
2
What is the greatest common factor of 286 and 5038?
22
What is the highest common divisor of 287 and 264942?
41
What is the highest common divisor of 91 and 161693?
7
What is the greatest common divisor of 204610 and 39895?
395
Calculate the highest common factor of 314194 and 34.
34
Calculate the greatest common divisor of 105 and 711102.
21
What is the highest common factor of 188820 and 120?
60
Calculate the highest common factor of 501 and 296592.
501
Calculate the greatest common factor of 45 and 714267.
9
Calculate the highest common divisor of 53 and 10406974.
53
Calculate the greatest common factor of 363 and 77451.
33
What is the greatest common divisor of 20 and 195340?
20
Calculate the greatest common divisor of 9017 and 568.
71
Calculate the highest common divisor of 8 and 19064.
8
Calculate the greatest common divisor of 324 and 2959335.
81
What is the highest common factor of 162 and 99144?
162
What is the highest common factor of 23391 and 3657?
69
What is the greatest common divisor of 49 and 17297?
49
Calculate the highest common factor of 37317 and 21.
21
What is the greatest common divisor of 18 and 3372498?
18
What is the highest common factor of 712 and 297438?
178
Calculate the greatest common divisor of 910 and 175.
35
What is the greatest common divisor of 135032 and 8?
8
What is the greatest common divisor of 45471 and 23?
23
What is the highest common divisor of 28 and 16128?
28
What is the greatest common factor of 3000 and 8985?
15
Calculate the greatest common factor of 80 and 46464.
16
What is the greatest common divisor of 109960 and 40?
40
What is the highest common divisor of 44387 and 6307?
119
Calculate the greatest common divisor of 15 and 17358255.
15
Calculate the greatest common factor of 985775 and 430.
215
What is the highest common divisor of 987 and 1040627?
329
Calculate the greatest common factor of 676 and 11114792.
676
Calculate the greatest common divisor of 1748 and 171.
19
What is the highest common factor of 169505 and 501?
167
Calculate the greatest common divisor of 604 and 3990628.
604
What is the greatest common divisor of 34527 and 119?
17
Calculate the highest common factor of 110367 and 15.
3
Calculate the greatest common factor of 1569754 and 118.
118
What is the greatest common factor of 1519 and 222208?
217
Calculate the greatest common divisor of 664 and 7143976.
664
Calculate the highest common divisor of 117 and 5409.
9
Calculate the greatest common divisor of 3704 and 16.
8
What is the greatest common factor of 162 and 830709?
27
Calculate the highest common factor of 336 and 108234.
42
Calculate the greatest common divisor of 158763 and 561.
561
What is the highest common divisor of 6 and 12102?
6
What is the highest common factor of 105 and 110355?
105
What is the greatest common divisor of 68 and 48728?
4
What is the greatest common divisor of 21845 and 564115?
1285
Calculate the greatest common factor of 779536 and 2324.
332
Calculate the greatest common divisor of 14905 and 25.
5
Calculate the highest common factor of 74886 and 42.
42
Calculate the greatest common divisor of 410 and 17420.
10
Calculate the greatest common divisor of 92526 and 14.
14
What is the greatest common factor of 151821 and 297?
27
What is the greatest common divisor of 1326 and 15171?
39
What is the highest common factor of 14752 and 96?
32
What is the greatest common factor of 82 and 80770?
82
Calculate the highest common divisor of 41531 and 238.
119
What is the greatest common divisor of 45457 and 131?
131
What is the highest common factor of 1508123 and 3865?
773
Calculate the highest common divisor of 2100 and 1076250.
1050
Calculate the greatest common factor of 369323 and 278.
139
Calculate the greatest common factor of 13 and 211471.
13
What is the greatest common factor of 344 and 1333?
43
Calculate the greatest common factor of 84072 and 408.
24
What is the highest common factor of 540 and 6725700?
540
Calculate the highest common factor of 1449 and 96531.
69
Calculate the greatest common factor of 1070 and 17405690.
1070
What is the greatest common factor of 10258 and 3?
1
Calculate the greatest common factor of 69 and 1403.
23
What is the highest common factor of 1564 and 253708?
68
Calculate the highest common factor of 95 and 6707.
19
What is the highest common factor of 117 and 110799?
117
Calculate the greatest common divisor of 46895 and 1130.
565
Calculate the greatest common factor of 163160 and 1360.
40
What is the greatest common divisor of 30912 and 1680?
336
Calculate the highest common divisor of 12201 and 152637.
249
Calculate the highest common divisor of 69 and 150903.
69
What is the greatest common factor of 529947 and 8181?
909
Calculate the highest common factor of 450 and 5364.
18
What is the highest common divisor of 477 and 2547?
9
What is the highest common divisor of 496480 and 870?
290
What